{"id":41,"date":"2014-07-26T22:32:43","date_gmt":"2014-07-26T20:32:43","guid":{"rendered":"http:\/\/www.xn--natrlichlydia-yob.de\/?page_id=41"},"modified":"2021-07-11T17:57:53","modified_gmt":"2021-07-11T15:57:53","slug":"iris-und-urindiagnostik","status":"publish","type":"page","link":"http:\/\/www.natuerlichlydia.de\/?page_id=41","title":{"rendered":"Iris und Urindiagnostik"},"content":{"rendered":"<p>Der mikroskopische Blick in die Augen erlaubt, nach Meinung der Erfahrungsheilkunde eine Aussage \u00fcber erbliche Veranlagungen, die Bereitschaft des K\u00f6rpers Krankheiten zu entwickeln, die latent bleiben oder sich manifestieren, sowie krankhafte Ver\u00e4nderungen an Organen oder Organsystemen.<\/p>\n<p>\u00dcber die Urin-Funktionsdiagnostik erh\u00e4lt man in das Stoffwechselgeschehen einen Einblick. Sie geht auf die Uroskopie oder Harnschau des r\u00f6mischen Arztes v. Galen (131-200 n.Chr.) zur\u00fcck.<\/p>\n<blockquote><p>Zitat von Hartung: ,,Der Urin ist der Spiegel des inneren Chemismus und der innere Chemismus ist der Ausdruck in der Harmonie der Funktionen der einzelnen Organe. Deshalb werden wir durch die gr\u00fcndliche Beobachtung alles dessen, was im Urin zum Ausdruck kommt, am leichtesten im Stande sein, den Organismus zu beurteilen.&#8220;<\/p><\/blockquote>\n<p>Dazu ist es n\u00f6tig den Morgenurin zu untersuchen.<\/p>\n<p>Sowohl die Iris- wie auch die Urindiagnostik nach Schwenk, ist ein kompliment\u00e4res Verfahren, das nicht wissenschaftlich bewiesen ist.<\/p>\n<p>&nbsp;<\/p>\n","protected":false},"excerpt":{"rendered":"<p>Der mikroskopische Blick in die Augen erlaubt, nach Meinung der Erfahrungsheilkunde eine Aussage \u00fcber erbliche Veranlagungen, die Bereitschaft des K\u00f6rpers&hellip;<\/p>\n","protected":false},"author":1,"featured_media":0,"parent":0,"menu_order":0,"comment_status":"closed","ping_status":"closed","template":"","meta":{"footnotes":""},"class_list":["post-41","page","type-page","status-publish","hentry"],"jetpack_sharing_enabled":true,"_links":{"self":[{"href":"http:\/\/www.natuerlichlydia.de\/index.php?rest_route=\/wp\/v2\/pages\/41","targetHints":{"allow":["GET"]}}],"collection":[{"href":"http:\/\/www.natuerlichlydia.de\/index.php?rest_route=\/wp\/v2\/pages"}],"about":[{"href":"http:\/\/www.natuerlichlydia.de\/index.php?rest_route=\/wp\/v2\/types\/page"}],"author":[{"embeddable":true,"href":"http:\/\/www.natuerlichlydia.de\/index.php?rest_route=\/wp\/v2\/users\/1"}],"replies":[{"embeddable":true,"href":"http:\/\/www.natuerlichlydia.de\/index.php?rest_route=%2Fwp%2Fv2%2Fcomments&post=41"}],"version-history":[{"count":6,"href":"http:\/\/www.natuerlichlydia.de\/index.php?rest_route=\/wp\/v2\/pages\/41\/revisions"}],"predecessor-version":[{"id":307,"href":"http:\/\/www.natuerlichlydia.de\/index.php?rest_route=\/wp\/v2\/pages\/41\/revisions\/307"}],"wp:attachment":[{"href":"http:\/\/www.natuerlichlydia.de\/index.php?rest_route=%2Fwp%2Fv2%2Fmedia&parent=41"}],"curies":[{"name":"wp","href":"https:\/\/api.w.org\/{rel}","templated":true}]}}